383*t - 4417083 = -392*t. Is t a prime number?
False
Let u = -20602 + 30095. Let d = u - 4634. Is d composite?
True
Is 1125226/18 - 32/(-72) a prime number?
False
Suppose -5*x - x = -12. Suppose -5*p + 2*p + 3*r + 3729 = 0, -x*r = 5*p - 6243. Suppose 3*l = 5*i + p + 84, -5*l - 5*i + 2245 = 0. Is l a composite number?
True
Suppose 13*x + 22 = -147. Let g(s) be the second derivative of 2*s**4/3 - 4*s**3/3 + 9*s**2/2 - 2*s. Is g(x) prime?
False
Is 330108/15 + (-121)/605 composite?
True
Suppose -18*n - 1547371 = 51*n - 11675812. Is n prime?
False
Let s(i) = -10718*i + 3493. Is s(-51) prime?
True
Let j be ((-93)/(-12))/((-246)/(-120) - 2). Let f(s) = -48*s**3 + 5*s**2 - 4. Let o be f(-4). Suppose -159*k + j*k + o = 0. Is k a prime number?
True
Let w(l) = 1192*l - 35. Let k(q) = 2*q**2 + 38*q + 43. Let s be k(-18). Is w(s) prime?
False
Let m(r) = 148*r**2 + 3*r + 824. Is m(-21) a prime number?
True
Let n be -1*(-1)/(15/(-9))*-5. Suppose 31901 = 3*x + 2*x - 4*q, -n*q = -5*x + 31897. Is x prime?
False
Let w = 40275 - -78436. Is w a composite number?
True
Let r = -189 + 5586. Let x = r + -2654. Is x a composite number?
True
Suppose 5*t - 610 = -2*g, -3*g + 5*t - 8*t + 897 = 0. Suppose 4*o = -g + 10611. Is o a composite number?
False
Let s be 420/63*3/4. Suppose s*j - 16993 = d - 3*d, 0 = -3*j - 5*d + 10211. Is j a composite number?
True
Let z(x) = x**3 + 8*x**2 - 2*x - 13. Let i(w) = w**2 + w. Let m(t) = -i(t) - z(t). Let n be m(-9). Is ((-2)/n)/(7/(-7294)) a composite number?
False
Suppose -103*d + 166861 = -98*d - 3*k, 0 = 2*d + 5*k - 66794. Is d a composite number?
False
Let d = 115163 + 87278. Is d a composite number?
False
Let z(k) = 33*k**2 - k - 10. Let m(a) = 32*a**2 - a - 11. Suppose 20*t = 16*t + 16. Let o(s) = t*z(s) - 3*m(s). Is o(-2) a composite number?
False
Let y(f) = -f**2 + 6*f - 5. Let q be y(3). Let h be (792/20)/(q/10). Suppose -24*s = -21*s - h. Is s prime?
False
Suppose 891*v - 935*v = -25240028. Is v a composite number?
False
Is (2/(-7))/(696/4233362)*6*-1 a composite number?
False
Let y(g) be the second derivative of g**4/12 + 8*g**3/3 + g**2 + 5*g - 2. Let r be y(-18). Is (11276/10)/(r/95) a prime number?
True
Let j = 2945 + -52. Let m = 6398 - j. Is m prime?
False
Suppose -5*g - 325 = -5*i, 0 = -2*g - 2*i + 6*i - 140. Let k be 2*1 - g/(-5). Is ((-67)/(-2))/(k/(-20)) a prime number?
True
Let w(t) = t**3 + 7*t**2 - 2*t - 6. Let f be w(-7). Suppose f*m = -67 + 219. Is m a prime number?
True
Let h(l) = 16*l**3 - 8*l**2 - 37*l + 107. Is h(18) composite?
True
Suppose 142*v - 140*v - 3*y = 167291, 5*v - 418240 = 5*y. Is v composite?
False
Suppose 5*w + 2*d - 191 = 0, -4*d = -0*d - 12. Suppose w*g = 25*g + 26340. Is g a prime number?
False
Suppose 104589 = 4*r + m, -5*r - 7*m + 130724 = -4*m. Is r a composite number?
True
Suppose -2*s - 2*o + 151620 = 0, -3*o + 774996 = 7*s + 244322. Is s prime?
False
Let j(r) = 25*r + 0*r**2 + r**2 + 16 - 9*r. Let h be j(-11). Is 3/(75/h + 2) prime?
False
Let r(x) = 22*x**3 - 70*x**2 + 117*x - 137. Is r(28) a composite number?
False
Suppose -7378289 = -38*q + 377549. Is q a composite number?
False
Is 1/(-7) + 1*1909072/77 a prime number?
True
Let a(r) = -5*r - 10. Let v(k) = 5*k + 10. Let f(w) = 5*a(w) + 4*v(w). Suppose 0 = 4*i - 5*q, 1 = -5*i + 4*i + q. Is f(i) a composite number?
True
Let z(i) be the second derivative of 3/4*i**4 + 4/3*i**3 - 15*i**2 + 0 - 13*i. Is z(-11) prime?
True
Let b = -133491 - -346750. Is b a composite number?
True
Let z be ((-8)/(-14))/(4/28). Let n be (3 - (z + -3)) + -3. Let h(q) = 235*q**2 - 2*q - 2. Is h(n) prime?
False
Suppose -11*f = -10*f - 9. Suppose f*j - 4012 + 61 = 0. Is j prime?
True
Suppose -4*v = -4*b + 89516, -15*v = -18*v + 6. Is b composite?
False
Suppose 0 = -6*f + 6 + 12. Suppose -2*q + 2*d - 808 = 0, -4*q - f*d = -5*d + 1606. Let r = q - -788. Is r composite?
False
Is 1/(((-102)/(-384630))/17) prime?
False
Is (2/(-6))/((-84)/(-641340))*2/(-2) a composite number?
True
Let k(g) = -g - 6. Let l be k(-8). Suppose 450 = l*d - 268. Is d a prime number?
True
Suppose -2*n = -7*n + 10*n. Suppose n = -t - j + 2921, j = 3*t - 6*t + 8763. Is t composite?
True
Let c(n) = -n**2 + 3*n - 1. Let x be c(1). Let t be 657 - (3 + -4 + x + 1). Is (-3)/(-1) + t/8 prime?
False
Let p(u) = -410*u + 509. Is p(-12) a composite number?
True
Let h be (24/(-14))/(54/(-945)). Let j be 2 - (h/(-3))/5. Suppose -716 = -2*m + 2*r, 2*m - j*r - 1787 = -3*m. Is m prime?
False
Let s = 127056 + 3936. Suppose 26*m - s = -22*m. Is m a composite number?
False
Suppose -23*f + 226033 = -217203 + 43565. Is f prime?
True
Suppose -6*g - 477019 = -7*g - 5*j, 12*j + 953906 = 2*g. Is g a prime number?
True
Suppose -3197*u = -3198*u. Let h be (2 - 1 - 2) + 1. Suppose h = -u*y - 4*y + 3*p + 4640, -3*y + 5*p + 3491 = 0. Is y composite?
True
Let z = 104048 - 39955. Is z prime?
False
Let n(m) = 5*m - 30. Let l be n(7). Let x = -39 - -41. Suppose x*t = -3*g + t + 1893, -g + 631 = -l*t. Is g a prime number?
True
Suppose -11*k - 217264 = -2058917. Is k prime?
True
Let u be ((-26)/(-39))/(2/(-3)) - -1. Suppose -2*a + u = 4. Is a + (-20)/(-5) - -11*3 prime?
False
Let n = 3078 + 5095. Is n a composite number?
True
Let s be (12 + -6)/(6/(-4)). Is (-16333)/((-5 - (-63)/12)*s) a composite number?
False
Let d = 979978 + -477651. Is d a prime number?
False
Let t(p) = 5324*p + 4379. Is t(10) a prime number?
False
Suppose k = -k + 7*k. Suppose 7*q + 0*q - 3703 = k. Suppose -q = -4*g - 0*d - d, -534 = -4*g - 2*d. Is g prime?
True
Suppose 20988 = -26*f - 22718. Let j = f + 7420. Is j prime?
False
Let t(b) = b**3 + 5*b**2 - b - 3. Let z be t(-5). Let p be 0 - (z - -2 - 108). Suppose p*w = 105*w - 413. Is w prime?
False
Let w = 8791 + 27230. Is w composite?
True
Suppose 2*i = -2*g + 48792, 0 = 168*i - 163*i + 4*g - 121975. Is i a prime number?
True
Suppose 0 = -21*n + 358676 - 58229. Suppose -5*f + n = -g - 935, -f + g = -3046. Is f composite?
False
Suppose -i - 23 = 7. Let v be i/10 + (1 - (-1 - 23)). Suppose -v*b = -11*b - 5819. Is b a prime number?
False
Suppose -16 = -5*d + 4, -k = 2*d - 2. Suppose 3*j + 52970 = 2*o, 3*j - 3*o + 37908 = -15057. Is 4/k - j/12 a prime number?
True
Let n(m) = -157*m - 6. Let z be n(-11). Suppose -z = -4*t + 3723. Is t composite?
False
Suppose 7*g - 15 = -1. Suppose a = -2, 0 = -0*h + g*h + 4*a + 2. Suppose j - 3*d = -2*j + 2511, h*j - 5*d - 2507 = 0. Is j a composite number?
False
Let j = -877 + 880. Let a be (0 - 14)*(-66)/4. Suppose j*d = -a + 1560. Is d a prime number?
True
Suppose -8*r = -2*r - 82200. Let x = 7787 - r. Is (-4)/22 - (1 - x/(-33)) composite?
True
Let d(g) = -633*g**2 + 3*g - 8. Let x be d(2). Let f = 6121 + x. Is f prime?
False
Suppose 21511 + 58510 = c + 5*m, c - 80021 = 2*m. Is c prime?
True
Suppose b + 2*b + 6 = 0. Let q(i) = -25*i - 552. Let k be q(-22). Is (-10 + 3)*(b/(-1))/k prime?
True
Suppose 2*a = -2*a + 8. Let k(n) = -132*n**3 + n**2 + 3*n - 5. Let m be k(a). Let u = -686 - m. Is u prime?
False
Is 100840/(-12)*-12*10/80 prime?
False
Suppose o - 26308 = -3*x - 4*o, 3*x - o = 26296. Is 70/175 - x/(-10) a composite number?
False
Let y(p) = -4689*p - 3745. Is y(-44) prime?
False
Let b = 12531 - 6165. Let v = -3863 + b. Is v composite?
False
Suppose 4*f + 7 - 55 = 0. Let d(u) = 2*u**2 - 24*u. Let k be d(f). Suppose -14*n + 5109 + 645 = k. Is n a composite number?
True
Let x(w) = w**3 + 26*w**2 - 12*w - 21. Let v(n) = -n**3 + 9*n**2 - 9*n - 14. Let r be v(8). Is x(r) a composite number?
False
Let b = 236355 + 313684. Is b prime?
False
Let z(s) = s**3 + 7*s**2 + 15 + 12*s**2 + 14*s**2 - 23*s - 11*s**2. Is z(-17) prime?
False
Let t(c) be the second derivative of -23*c**5/10 + 2*c**4/3 - 29*c**3/6 - 37*c**2/2 - 2*c + 3. Is t(-9) a prime number?
False
Let w = 160 - 159. Suppose -w = -4*v - 17, -636 = -4*r + v. Is r a composite number?
True
Let h(x) = -2*x**3 + 6*x**2 + 6*x + 25001. Is h(0) a composite number?
True
Is ((-14923)/4)/((-1)/15 + 44/(-240)) prime?
True
Let i(u) = 2*u**2 + 18*u + 44. Let y be i(-5). Suppose 2*a = -4*p + 1131 - 243, 0 = 5*p - y*a - 1123. Is p a composite number?
False
Let t = -5 + 7. Suppose t*j + 40 = -4*q, -q = -2*q + j - 4. Let k(z) = -3*z**3 - z**2 - 13*z - 17. Is k(q) composite?
False
Suppose 0 = -m - 3*m + 12, 3*w - m = 6. Suppose 0 = 